{"id":19,"date":"2016-08-22T10:16:21","date_gmt":"2016-08-22T08:16:21","guid":{"rendered":"http:\/\/lundbergsstiftelserna.etendo.se\/forskningsstiftelsen\/?page_id=19"},"modified":"2021-04-12T10:03:02","modified_gmt":"2021-04-12T08:03:02","slug":"ursprung","status":"publish","type":"page","link":"https:\/\/www.lundbergsstiftelserna.se\/forskningsstiftelsen\/ursprung\/","title":{"rendered":"Ursprung"},"content":{"rendered":"<div class=\"fusion-fullwidth fullwidth-box fusion-builder-row-1 nonhundred-percent-fullwidth non-hundred-percent-height-scrolling\" style=\"--awb-background-position:left top;--awb-border-radius-top-left:0px;--awb-border-radius-top-right:0px;--awb-border-radius-bottom-right:0px;--awb-border-radius-bottom-left:0px;--awb-padding-top:20px;--awb-padding-bottom:20px;--awb-border-sizes-top:0px;--awb-border-sizes-bottom:0px;--awb-flex-wrap:wrap;\" ><div class=\"fusion-builder-row fusion-row\"><div class=\"fusion-layout-column fusion_builder_column fusion-builder-column-0 fusion_builder_column_1_1 1_1 fusion-one-full fusion-column-first fusion-column-last fusion-column-no-min-height\" style=\"--awb-bg-size:cover;--awb-margin-bottom:0px;\"><div class=\"fusion-column-wrapper fusion-flex-column-wrapper-legacy\"><div class=\"fusion-sep-clear\"><\/div><div class=\"fusion-separator fusion-full-width-sep page-margin-top\" style=\"margin-left: auto;margin-right: auto;margin-top:150px;width:100%;\"><\/div><div class=\"fusion-sep-clear\"><\/div><div class=\"fusion-clearfix\"><\/div><\/div><\/div><div class=\"fusion-layout-column fusion_builder_column fusion-builder-column-1 fusion_builder_column_2_3 2_3 fusion-two-third fusion-column-first page-text-box\" style=\"--awb-bg-size:cover;width:65.3333%; margin-right: 4%;\"><div class=\"fusion-column-wrapper fusion-flex-column-wrapper-legacy\"><div class=\"fusion-title title fusion-title-1 sep-underline sep-solid fusion-title-text fusion-title-size-one\" style=\"--awb-sep-color:#1b1b1b;\"><h1 class=\"fusion-title-heading title-heading-left fusion-responsive-typography-calculated\" style=\"margin:0;--fontSize:36;line-height:1.4;\">Ursprung<\/h1><\/div><div class=\"fusion-text fusion-text-1\"><p><strong class=\"uppercase-intro\">Sommaren 1996<\/strong> tog Lars Erik Lundberg initiativet till bildandet av en vetenskaplig stiftelse som skulle st\u00f6dja forskning och utbildning inom samh\u00e4llsekonomi, f\u00f6retagsekonomi och teknologi och bidra till samspelet mellan n\u00e4ringsliv och akademi. Denna stiftelse skulle ocks\u00e5 finansiera en professur med placering p\u00e5 Link\u00f6pings universitets Campus Norrk\u00f6ping. Professuren kom ocks\u00e5 att b\u00e4ra hans namn.<\/p>\n<p>Lars Erik Lundbergs Stiftelse f\u00f6r forskning och utbildning skapades f\u00f6r att finansiera nya och sammanh\u00e5llna forskningsprojekt, vilket \u00f6ppnade upp f\u00f6r s\u00f6kande p\u00e5 alla akademiska niv\u00e5er. Ambitionen var ocks\u00e5 att alla Sveriges universitet och h\u00f6gskolor skulle attraheras av de m\u00f6jligheter som stiftelsen erbj\u00f6d. Lars Erik Lundberg var m\u00e5n om att den forskning som st\u00f6ddes skulle utf\u00f6ras vid akademiska l\u00e4ros\u00e4ten, s\u00e5 att de nya forskningsr\u00f6nen snabbt skulle kunna f\u00f6ras in i den h\u00f6gre utbildningen.<\/p>\n<p>Stiftelsens kapital utgjorde vid bildandet 50 miljoner kronor, donerade av Lars Erik Lundberg. Ett kapital som sedan dess fortsatt att v\u00e4xa under stiftelsens f\u00f6rvaltning.<\/p>\n<p><strong class=\"uppercase-intro\">Lars Erik Lundberg <\/strong>f\u00f6ddes den 4 juli 1920 i Norrk\u00f6ping d\u00e4r han ocks\u00e5 v\u00e4xte upp. Lars Erik utbildade sig till byggnadsingenj\u00f6r vid Stockholms Tekniska Institut. Efter utbildningen tog han en kortare tid anst\u00e4llning innan han startade sitt f\u00f6retag i Norrk\u00f6ping 1944. F\u00f6retaget fick namnet Byggnadsfirman L E Lundberg och ombildades 1946 till Byggnads AB L E Lundberg.<\/p>\n<p>Byggnads AB L E Lundbergs verksamhet inriktades mot bostadssektorn. Tomtmark f\u00f6rv\u00e4rvades och byggprojekt genomf\u00f6rdes, men ocks\u00e5 rena entreprenaduppdrag erh\u00f6lls. I b\u00f6rjan av 50-talet expanderade verksamheten geografiskt i Mellansverige, bland annat bildades 1952 ab Katrineholms Husbyggen.<\/p>\n<p>I slutet av decenniet beslutade Lars Erik att beh\u00e5lla en del av de fastigheter som byggdes. Det var starten till Lundbergs nuvarande fastighetsr\u00f6relse. Under 60-talet expanderade verksamheten vidare geografiskt till bland annat Stockholm, G\u00f6teborg och Malm\u00f6. Parallellt breddades verksamheten \u00e4ven produktm\u00e4ssigt med kontors- och aff\u00e4rshus. Fastighetsf\u00f6rvaltningen tillf\u00f6rdes under 60- och 70-talen ett stort antal nya projekt. I slutet av 60-talet inleddes ocks\u00e5 \u201dsm\u00e5husepoken\u201d, varf\u00f6r \u00e4ven den typen av produktion blev en viktig del av f\u00f6retagets verksamhet under 70-talet.<\/p>\n<p>D\u00e5 Lars Erik Lundberg l\u00e4mnade posten som verkst\u00e4llande direkt\u00f6r 1975 var Lundbergs ett av Sveriges mest framg\u00e5ngsrika f\u00f6retag inom bygg- och fastighetsbranschen.<\/p>\n<\/div><div class=\"fusion-clearfix\"><\/div><\/div><\/div><div class=\"fusion-layout-column fusion_builder_column fusion-builder-column-2 fusion_builder_column_1_3 1_3 fusion-one-third fusion-column-last image-box\" style=\"--awb-bg-size:cover;width:30.6666%;\"><div class=\"fusion-column-wrapper fusion-flex-column-wrapper-legacy\"><div class=\"fusion-image-element in-legacy-container\" style=\"--awb-caption-title-font-family:var(--h2_typography-font-family);--awb-caption-title-font-weight:var(--h2_typography-font-weight);--awb-caption-title-font-style:var(--h2_typography-font-style);--awb-caption-title-size:var(--h2_typography-font-size);--awb-caption-title-transform:var(--h2_typography-text-transform);--awb-caption-title-line-height:var(--h2_typography-line-height);--awb-caption-title-letter-spacing:var(--h2_typography-letter-spacing);\"><span class=\" fusion-imageframe imageframe-none imageframe-1 hover-type-none\"><img decoding=\"async\" src=\"https:\/\/www.lundbergsstiftelserna.se\/stipendiestiftelsen\/wp-content\/uploads\/sites\/2\/2016\/08\/l-e-lundberg.jpg\" alt class=\"img-responsive\"\/><\/span><\/div><div class=\"fusion-clearfix\"><\/div><\/div><\/div><\/div><\/div>\n","protected":false},"excerpt":{"rendered":"","protected":false},"author":1,"featured_media":0,"parent":0,"menu_order":0,"comment_status":"closed","ping_status":"closed","template":"","meta":{"footnotes":""},"class_list":["post-19","page","type-page","status-publish","hentry"],"_links":{"self":[{"href":"https:\/\/www.lundbergsstiftelserna.se\/forskningsstiftelsen\/wp-json\/wp\/v2\/pages\/19","targetHints":{"allow":["GET"]}}],"collection":[{"href":"https:\/\/www.lundbergsstiftelserna.se\/forskningsstiftelsen\/wp-json\/wp\/v2\/pages"}],"about":[{"href":"https:\/\/www.lundbergsstiftelserna.se\/forskningsstiftelsen\/wp-json\/wp\/v2\/types\/page"}],"author":[{"embeddable":true,"href":"https:\/\/www.lundbergsstiftelserna.se\/forskningsstiftelsen\/wp-json\/wp\/v2\/users\/1"}],"replies":[{"embeddable":true,"href":"https:\/\/www.lundbergsstiftelserna.se\/forskningsstiftelsen\/wp-json\/wp\/v2\/comments?post=19"}],"version-history":[{"count":6,"href":"https:\/\/www.lundbergsstiftelserna.se\/forskningsstiftelsen\/wp-json\/wp\/v2\/pages\/19\/revisions"}],"predecessor-version":[{"id":1005,"href":"https:\/\/www.lundbergsstiftelserna.se\/forskningsstiftelsen\/wp-json\/wp\/v2\/pages\/19\/revisions\/1005"}],"wp:attachment":[{"href":"https:\/\/www.lundbergsstiftelserna.se\/forskningsstiftelsen\/wp-json\/wp\/v2\/media?parent=19"}],"curies":[{"name":"wp","href":"https:\/\/api.w.org\/{rel}","templated":true}]}}