{"id":2,"date":"2023-11-30T11:00:29","date_gmt":"2023-11-30T10:00:29","guid":{"rendered":"http:\/\/lundbergsstiftelserna.etendo.se\/stipendiestiftelsen\/?page_id=2"},"modified":"2025-11-13T15:40:41","modified_gmt":"2025-11-13T14:40:41","slug":"exempelsida","status":"publish","type":"page","link":"https:\/\/www.lundbergsstiftelserna.se\/stipendiestiftelsen\/","title":{"rendered":"Start"},"content":{"rendered":"<div class=\"fusion-fullwidth fullwidth-box fusion-builder-row-1 hundred-percent-fullwidth non-hundred-percent-height-scrolling\" style=\"--awb-border-radius-top-left:0px;--awb-border-radius-top-right:0px;--awb-border-radius-bottom-right:0px;--awb-border-radius-bottom-left:0px;--awb-overflow:visible;--awb-flex-wrap:wrap;\" ><div class=\"fusion-builder-row fusion-row\"><div class=\"fusion-layout-column fusion_builder_column fusion-builder-column-0 fusion_builder_column_2_3 2_3 fusion-two-third fusion-column-first\" style=\"--awb-bg-size:cover;--awb-margin-bottom:60px;width:65.3333%; margin-right: 4%;\" id=\"intro\"><div class=\"fusion-column-wrapper fusion-flex-column-wrapper-legacy\"><div class=\"fusion-title title fusion-title-1 fusion-sep-none fusion-title-text fusion-title-size-two pre-title\" style=\"--awb-margin-bottom:0px;\"><h2 class=\"fusion-title-heading title-heading-left fusion-responsive-typography-calculated\" style=\"margin:0;--fontSize:30;line-height:1.5;\">V\u00e4lkommen till<\/h2><\/div><div class=\"fusion-title title fusion-title-2 fusion-sep-none fusion-title-text fusion-title-size-one part-title\" style=\"--awb-margin-bottom:20px;\"><h1 class=\"fusion-title-heading title-heading-left fusion-responsive-typography-calculated\" style=\"margin:0;--fontSize:36;line-height:1.4;\">Lars Erik Lundbergs Stipendiestiftelse<\/h1><\/div><div class=\"fusion-text fusion-text-1\"><p>Lars Erik Lundbergs Stipendiestiftelse vill bidra till att fler f\u00e5r m\u00f6jlighet att forska och bli doktorander, eller bedriva postdoc-arbete, inom omr\u00e5det samh\u00e4llsbyggnad, vilket t.ex. omfattar arkitektur, byggnadsteknik, stadsplanering, boende och fastighetsf\u00f6rvaltning.<\/p>\n<p>Stiftelsens \u00e4ndam\u00e5l fr\u00e4mjas dels genom personliga, m\u00e5natliga skattefria stipendier till unga forskarstuderande, verksamma vid tekniska h\u00f6gskolor och universitet i Sverige, men som \u00e4r utan anst\u00e4llning eller annan finansiering f\u00f6r sitt uppeh\u00e4lle.<\/p>\n<p>Stiftelsen h\u00e4nvisar till h\u00f6gskolef\u00f6rordningen (1993:100, 5 kap, 4\u00a7), d\u00e4r m\u00f6jligheten f\u00f6r en doktorand att erh\u00e5lla stipendium regleras.<\/p>\n<p>Ett hel\u00e5rsstipendium f\u00f6r doktorand uppg\u00e5r fr\u00e5n och med \u00e5r 2026 till 354 000 kronor, vilket inneb\u00e4r 29 500 kronor i m\u00e5naden.<\/p>\n<p>\u00c4ndam\u00e5let fr\u00e4mjas \u00e4ven genom skattefria stipendium till disputerade forskare som \u00f6nskar g\u00f6ra ett postdoc-arbete, men inte f\u00e5tt tidsbegr\u00e4nsad anst\u00e4llning som postdoktor, eller uppb\u00e4r annan finansiering f\u00f6r detta.<\/p>\n<p>Ett hel\u00e5rsstipendium f\u00f6r postdoc uppg\u00e5r fr\u00e5n och med \u00e5r 2026 till 402 000 kronor, som delas upp i tv\u00e5 utbetalningar per \u00e5r, vilket motsvarar 33 500 kronor i m\u00e5naden.<\/p>\n<p>\u00c5rligen utdelar stiftelsen totalt ca tio till femton stipendier.<\/p>\n<\/div><div class=\"fusion-sep-clear\"><\/div><div class=\"fusion-separator fusion-full-width-sep\" style=\"margin-left: auto;margin-right: auto;margin-top:15px;width:100%;\"><\/div><div class=\"fusion-sep-clear\"><\/div><div class=\"fusion-alignleft\"><a class=\"fusion-button button-flat fusion-button-default-size button-default fusion-button-default button-1 fusion-button-default-span fusion-button-default-type hp-button\" style=\"--button_margin-top:20px;--button_margin-bottom:20px;\" target=\"_self\" href=\"\/stipendiestiftelsen\/ansokan\/ansokan-doktorander\/\"><span class=\"fusion-button-text awb-button__text awb-button__text--default\">L\u00e4s mer om ans\u00f6kan f\u00f6r doktorand h\u00e4r<\/span><\/a><\/div><div class=\"fusion-alignleft\"><a class=\"fusion-button button-flat fusion-button-default-size button-default fusion-button-default button-2 fusion-button-default-span fusion-button-default-type hp-button\" style=\"--button_margin-top:20px;--button_margin-bottom:20px;\" target=\"_self\" href=\"\/stipendiestiftelsen\/ansokan\/ansokan-postdoc\/\"><span class=\"fusion-button-text awb-button__text awb-button__text--default\">L\u00e4s mer om ans\u00f6kan f\u00f6r postdoc h\u00e4r<\/span><\/a><\/div><div class=\"fusion-clearfix\"><\/div><\/div><\/div><div class=\"fusion-layout-column fusion_builder_column fusion-builder-column-1 fusion_builder_column_1_3 1_3 fusion-one-third fusion-column-last\" style=\"--awb-bg-size:cover;width:30.6666%;\"><div class=\"fusion-column-wrapper fusion-flex-column-wrapper-legacy\"><div class=\"fusion-title title fusion-title-3 fusion-sep-none fusion-title-text fusion-title-size-three\" style=\"--awb-text-color:#ffffff;--awb-margin-bottom:0px;\" id=\"recent-news-title\"><h3 class=\"fusion-title-heading title-heading-left fusion-responsive-typography-calculated\" style=\"margin:0;--fontSize:22;--minFontSize:22;line-height:1.5;\">Senaste nyheterna<\/h3><\/div><div class=\"fusion-recent-posts fusion-recent-posts-1 avada-container layout-default layout-columns-1\"><section class=\"fusion-columns columns fusion-columns-1 columns-1\"><article class=\"post fusion-column column col col-lg-12 col-md-12 col-sm-12\"><div class=\"recent-posts-content\"><span class=\"vcard\" style=\"display: none;\"><span class=\"fn\"><a href=\"https:\/\/www.lundbergsstiftelserna.se\/stipendiestiftelsen\/author\/marie\/\" title=\"Inl\u00e4gg av marie\" rel=\"author\">marie<\/a><\/span><\/span><span class=\"updated\" style=\"display:none;\">2025-12-17T11:32:15+01:00<\/span><h4 class=\"entry-title\"><a href=\"https:\/\/www.lundbergsstiftelserna.se\/stipendiestiftelsen\/2025\/12\/17\/snart-dags-att-soka-stipendium-2026\/\">Snart dags att s\u00f6ka stipendium 2026<\/a><\/h4><p class=\"meta\"><span class=\"vcard\" style=\"display: none;\"><span class=\"fn\"><a href=\"https:\/\/www.lundbergsstiftelserna.se\/stipendiestiftelsen\/author\/marie\/\" title=\"Inl\u00e4gg av marie\" rel=\"author\">marie<\/a><\/span><\/span><span class=\"updated\" style=\"display:none;\">2025-12-17T11:32:15+01:00<\/span><span>2025-12-17<\/span><span class=\"fusion-inline-sep\">|<\/span><span class=\"fusion-comments\"><a href=\"https:\/\/www.lundbergsstiftelserna.se\/stipendiestiftelsen\/2025\/12\/17\/snart-dags-att-soka-stipendium-2026\/#respond\">0 Comments<\/a><\/span><\/p><p>Det \u00e4r snart dags att s\u00f6ka stipendium till doktorand- eller postdoc studier inom bygg- och [...]<\/p><\/div><\/article><article class=\"post fusion-column column col col-lg-12 col-md-12 col-sm-12\"><div class=\"recent-posts-content\"><span class=\"vcard\" style=\"display: none;\"><span class=\"fn\"><a href=\"https:\/\/www.lundbergsstiftelserna.se\/stipendiestiftelsen\/author\/marie\/\" title=\"Inl\u00e4gg av marie\" rel=\"author\">marie<\/a><\/span><\/span><span class=\"updated\" style=\"display:none;\">2025-05-23T11:26:45+02:00<\/span><h4 class=\"entry-title\"><a href=\"https:\/\/www.lundbergsstiftelserna.se\/stipendiestiftelsen\/2025\/05\/23\/beviljade-stipendiater-2025\/\">Beviljade stipendiater 2025<\/a><\/h4><p class=\"meta\"><span class=\"vcard\" style=\"display: none;\"><span class=\"fn\"><a href=\"https:\/\/www.lundbergsstiftelserna.se\/stipendiestiftelsen\/author\/marie\/\" title=\"Inl\u00e4gg av marie\" rel=\"author\">marie<\/a><\/span><\/span><span class=\"updated\" style=\"display:none;\">2025-05-23T11:26:45+02:00<\/span><span>2025-05-23<\/span><span class=\"fusion-inline-sep\">|<\/span><span class=\"fusion-comments\"><a href=\"https:\/\/www.lundbergsstiftelserna.se\/stipendiestiftelsen\/2025\/05\/23\/beviljade-stipendiater-2025\/#respond\">0 Comments<\/a><\/span><\/p><p>Lars Erik Lundbergs Stipendiestiftelse har vid sitt sammantr\u00e4de den 31 mars 2025 beslutat att utdela [...]<\/p><\/div><\/article><article class=\"post fusion-column column col col-lg-12 col-md-12 col-sm-12\"><div class=\"recent-posts-content\"><span class=\"vcard\" style=\"display: none;\"><span class=\"fn\"><a href=\"https:\/\/www.lundbergsstiftelserna.se\/stipendiestiftelsen\/author\/marie\/\" title=\"Inl\u00e4gg av marie\" rel=\"author\">marie<\/a><\/span><\/span><span class=\"updated\" style=\"display:none;\">2024-12-10T14:07:13+01:00<\/span><h4 class=\"entry-title\"><a href=\"https:\/\/www.lundbergsstiftelserna.se\/stipendiestiftelsen\/2024\/12\/10\/snart-dags-att-soka-stipendium-2025\/\">Snart dags att s\u00f6ka stipendium 2025<\/a><\/h4><p class=\"meta\"><span class=\"vcard\" style=\"display: none;\"><span class=\"fn\"><a href=\"https:\/\/www.lundbergsstiftelserna.se\/stipendiestiftelsen\/author\/marie\/\" title=\"Inl\u00e4gg av marie\" rel=\"author\">marie<\/a><\/span><\/span><span class=\"updated\" style=\"display:none;\">2024-12-10T14:07:13+01:00<\/span><span>2024-12-10<\/span><span class=\"fusion-inline-sep\">|<\/span><span class=\"fusion-comments\"><a href=\"https:\/\/www.lundbergsstiftelserna.se\/stipendiestiftelsen\/2024\/12\/10\/snart-dags-att-soka-stipendium-2025\/#respond\">0 Comments<\/a><\/span><\/p><p>Det \u00e4r snart dags att s\u00f6ka stipendium till doktorand- eller postdoc studier inom bygg- och [...]<\/p><\/div><\/article><\/section><\/div><div class=\"fusion-clearfix\"><\/div><\/div><\/div><\/div><\/div>\n","protected":false},"excerpt":{"rendered":"","protected":false},"author":1,"featured_media":0,"parent":0,"menu_order":0,"comment_status":"closed","ping_status":"open","template":"","meta":{"footnotes":""},"class_list":["post-2","page","type-page","status-publish","hentry"],"_links":{"self":[{"href":"https:\/\/www.lundbergsstiftelserna.se\/stipendiestiftelsen\/wp-json\/wp\/v2\/pages\/2","targetHints":{"allow":["GET"]}}],"collection":[{"href":"https:\/\/www.lundbergsstiftelserna.se\/stipendiestiftelsen\/wp-json\/wp\/v2\/pages"}],"about":[{"href":"https:\/\/www.lundbergsstiftelserna.se\/stipendiestiftelsen\/wp-json\/wp\/v2\/types\/page"}],"author":[{"embeddable":true,"href":"https:\/\/www.lundbergsstiftelserna.se\/stipendiestiftelsen\/wp-json\/wp\/v2\/users\/1"}],"replies":[{"embeddable":true,"href":"https:\/\/www.lundbergsstiftelserna.se\/stipendiestiftelsen\/wp-json\/wp\/v2\/comments?post=2"}],"version-history":[{"count":48,"href":"https:\/\/www.lundbergsstiftelserna.se\/stipendiestiftelsen\/wp-json\/wp\/v2\/pages\/2\/revisions"}],"predecessor-version":[{"id":2230,"href":"https:\/\/www.lundbergsstiftelserna.se\/stipendiestiftelsen\/wp-json\/wp\/v2\/pages\/2\/revisions\/2230"}],"wp:attachment":[{"href":"https:\/\/www.lundbergsstiftelserna.se\/stipendiestiftelsen\/wp-json\/wp\/v2\/media?parent=2"}],"curies":[{"name":"wp","href":"https:\/\/api.w.org\/{rel}","templated":true}]}}